1 - 5)) + -9 + -20
-26
Evaluate -5 + 53 + -61 + 25.
12
Calculate 71 - (6 + 7 + (-18 - -5) + -8).
79
What is the value of -8 + 161 + (10 - -5 - 1) + -29 + 16?
154
Evaluate -26 - -8 - (19 - (62 - -13)).
38
-15 - (91 - 57 - (10 - -1))
-38
What is the value of -1 + -16 - (-899 + 960) - (3 + 19)?
-100
Calculate -213 + 213 + (-30 - -3).
-27
What is the value of (-18 - -12 - (-87 - (-2 + 5))) + (-253 - -248)?
79
-4735 - -4722 - (-5 + 3)
-11
Evaluate -28 - -19 - (13 + (-4 - -2)) - -60.
40
100 + -30 + -40 + -37
-7
Evaluate (25 - 38 - (39 + -25)) + -60.
-87
What is the value of 11 - ((-36 + 16 - -15) + 20) - (0 - -62)?
-66
What is the value of -23 + 17 + 9 + 9 + -11 + 39?
40
Evaluate 12 + -12 + -3 - (-6 + 2 + 4 + -5).
2
(1 + 4 - (-56 - -58)) + (-3 - (5 - -3))
-8
-115 + (-3 + 3 - 2) - (-5642 - -5642)
-117
Calculate (93 - (111 + -24)) + (2 + 23 - -3).
34
Calculate (29 - 111) + 132 - -7.
57
What is -23 + 17 + -4 + 10 + (5 - -83)?
88
What is the value of 1 - ((24 - 39) + 1 - -4)?
11
Evaluate 2 + 30 - ((-3 - 0) + (26 - 9)).
18
Evaluate -2 + 24 + (36 - (102 + -48)).
4
Evaluate -11 - ((-11 - (-15 + 1)) + -4).
-10
What is 4 + (-4 - 8 - (-6 - -3 - 4) - -6)?
5
(3 - -25) + (24 - 7)
45
Evaluate -32 - (2 + -71 + (51 - 18)).
4
Evaluate -1 + -1 + 89 + -2094 + 2061.
54
(-11 + 9 - -3 - (-9 + 7)) + 28
31
Calculate -8 + (55 + -14 - (2 + -2)) + 4.
37
Calculate 46 - 48 - (6 - -1 - (-23 + 14)).
-18
-68 + (29 - 2) + 79 + -86 + -3 + 4
-47
What is -3 + -2 - (-1 - -1 - (1967 + -2080))?
-118
What is the value of (-20 - -7 - -67) + 16 + 5 + -17?
58
(-13 + -40 - -19 - 5) + (1 - -1)
-37
What is the value of (-62 + -31 - -30) + 30?
-33
What is -54 + (60 - 43) - (-2 + (2 - -1))?
-38
Evaluate -35 + -11 + 11 - -74.
39
(-29 + 18 + -6 - -13) + 0
-4
What is the value of 39 + -45 + (-12 - 11)?
-29
What is 36 + (56 - (8 - -40))?
44
Evaluate (0 - 3 - (5 - (-10 - -16))) + 10 + 41.
49
Calculate 85 + ((-14 - -12) + 12 + -26 - -14).
83
Evaluate (-57 - -46 - (1 - 7)) + 10 + -1 - 55.
-51
37 - (-18 + -25 + 35)
45
Evaluate -8 + (45 - (76 + -90 + (15 - -1))).
35
What is (36 - 1) + -34 + (53 - -1)?
55
7 + (-9 - 19) - -47
26
What is the value of -8 + (0 - -3) - (54 + (-165 - -35))?
71
What is (-43 - (-9 + (-1 - (0 - 5)))) + 3 + 8?
-27
What is the value of -1 - (35 + -14) - (-19 - (-2 - 8))?
-13
Calculate (40 - -1) + (1054 - 1055).
40
What is -10 + 14 - (2 + -2) - (-15 + 34) - 4?
-19
Evaluate 0 - -70 - (16 + 41 + -72) - -7.
92
What is 1 - 40 - (-74 - (45 + -101)) - -8?
-13
Calculate -35 + 0 + -5 - (-274 + 266).
-32
Calculate 76 + (21 - (8 + -53)).
142
Evaluate (-2 - -11 - (261 - 260)) + -1.
7
Evaluate -5 + (18 - (1 + -5)) + -13.
4
What is the value of 103 + ((2 - (-8 - -13)) + -4 - (-7 - 14))?
117
Evaluate 2 + -24 + 43 + -17 + (-35 - 1).
-32
What is the value of -70 - (5 - (89 + -4))?
10
Calculate 4 + 7 + (-4 - -28 - 24).
11
What is (-274 - -275) + (-6 + 10 - (3 - -27))?
-25
What is the value of 0 + 4 + (-13 - (-10 + -23 - 4) - -56)?
84
Calculate 50 + -18 + (9 - 11) + 46.
76
Calculate (5 - -49) + 48 + -69.
33
Calculate 31 + -99 - -20 - ((3 - -2) + -4 + -8).
-41
What is -6 + 24 + (-3 - (-19 + -1))?
35
Evaluate 41 - ((3 + -3 - -1) + 17).
23
What is the value of 204 + -187 - (-2 - 14) - 10?
23
What is -1 + -12 - (25 + 26 - 15)?
-49
Evaluate 63 + (-37 - -3 - 15).
14
What is (15 - 30 - (3 - 11)) + (-12 - -20) + -84?
-83
What is the value of -13 + 82 + -106 - -46?
9
Calculate -5 - 2 - 28 - -70.
35
2 + -12 + (-93 + 78 + 120 - (2 - 3))
96
-33 - ((15 - ((15 - 5) + -8)) + -7) - -12
-27
Evaluate (124 - 208 - -324) + -139.
101
What is (2 - 76) + (7 - (4 + 0 + 28 + -37))?
-62
Evaluate 10 + (-64 - -13) + 54.
13
What is the value of -10 + (-29 - -8 - (-4 + -9 + 2)) + 21?
1
What is the value of 52 + 1 + (1545 - 1563)?
35
(-12 - 56 - -11) + (3 - -8)
-46
Calculate 4 - 30 - (-82 - -42).
14
(-5 + (12 - 9) - 0 - (17 - 24)) + 30
35
What is (52 - 0) + (-104 - (-72 - 26))?
46
Evaluate 20 + -13 + (148 - 67).
88
0 - 26 - (-44 + 2 + 31 - -14)
-29
What is the value of -86 - (-89 + -147) - 195?
-45
Calculate -15 - (-28 + 35) - -59.
37
Calculate 10 + -9 - (1 - 55) - ((-1 - -58) + -52).
50
Evaluate -613 + 589 - (1 - 10) - 52.
-67
(22 - (2 + -5)) + (-69 - -47) + (9 - 1)
11
Calculate (15 + 51 - 52) + (8 - 0) - -47.
69
Calculate 13 + (-1 - 11) + (30 - 50).
-19
6 + (11 - 13) - -2 - (11 + -2)
-3
Calculate 294 - 285 - (50 - 3).
-38
51 + (55 + -40 - 34) - -45
77
Evaluate -11 + 5 - (-5 + -13 + 26 - -45 - 2).
-57
(-51 - -1 - -6) + ((0 - -27) + -9 - 28)
-54
-417 - -303 - (-7 + -26)
-81
-98 + (84 - (88 + -51))
-51
Calculate 21 + -14 + -11 - ((-16 - 0) + -2) - -55.
69
What is the value of (5 - (51 + -3)) + -49 + 164?
72
-27 + (30 - -2) + -16
-11
62 + (-20 - -17) - ((1 - 2) + 19)
41
(-3 - (-54 + 136)) + 199
114
Calculate (-87 - -42 - -17) + -9.
-37
Evaluate -44 - (49 - ((22 - 14) + 11)).
-74
What is the value of (-1091 - -930 - (1 + -45)) + -14?
-131
Calculate (-51 - -80) + (0 - -14).
43
Evaluate 4 + (-29 - (0 + 1 + 1)) + -76 + 85.
-18
Evaluate 27 + (10 - -15) + 9 + 0 + (-32 - -15).
44
-4168 - -4173 - (15 + (1 - 1))
-10
What is (21 - -11) + -50 + 2 + 52 + -3?
33
What is 33 - 36 - (-3 + -13 + 2)?
11
What is (-4 - (38 + (21 - 27))) + -31?
-67
What is the value of 22 + -6 + -7 - (0 + 0 + -19 + -11)?
39
What is 13 + -3 - (-709 + 660)?
59
Evaluate (25185 - 25134) + 0 + -2 + -1 + 1.
49
What is the value of 47 - ((-15 + 4 - -27 - 7) + 1)?
37
-62 - (-37 - 56 - -43)
-12
What is -94 + -34 + 51 + -28?
-105
What is the value of -388 + 384 + 18 + -1 + 28?
41
Calculate 32 - (16 + 5 + -4 + (-183 - -162)).
36
24 + (-44 - -14) + 45 + 5
44
Evaluate 81 - 50 - (-5 - (-3 + 8)).
41
What is the value of 21 + (-31 - -7) + -35?
-38
What is the value of -22 + -70 + -3 + 152?
57
Calculate -14 + (10 - (22 + -2) - (-14 + 1)) + 26.
15
Evaluate -12 - (13 + -29 + 16 + -24).
12
What is (2 + 2 - 17) + (-21 - -31) + -10?
-13
Calculate 21 - ((34 - (4 - 2)) + 7) - (-11 - -1).
-8
Evaluate 101 + -164 - (-5 + 6 + 1) - 20.
-85
What is 1 + 76 + 1 + -2 - (-28 + (43 - 25))?
86
32 - 10 - (-27 + 33 - -14)
2
Evaluate 69 + 3 + 139 + -168.
43
Evaluate -2 + -16 + 2 + (14 - 0) + (752 - 775).
-25
-28 + (91 - 24 - -22) + -22
39
What is the value of 850 - 844 - (12 + (-1 - (6 - 4)))?
-3
Evaluate 3 + 20 + 2 + -8 + -2 + -12.
3
Calculate -1192 - -1192 - (1 - -11) - (43 - -1).
-56
What is the value of -30 + -20 + 90 + 14?
54
What is 40 - (-42 - -30) - 60?
-8
(5 - 67) + (-61 - (27 + -98))
-52
Calculate (-10 + 4 - -8) + 86 + -92.
-4
10 + 1 + (64 - 71) + 38
42
What is (-1 - -1 - 15) + (251 - 225) + -15?
-4
What is the value of (-11 - -17) + (2132 - 2126 - (-20 - -2 - -1))?
29
What is 1 + 27 + 2 + (-5 - (-15 - 4))?
44
-18 - -5 - ((0 - 32) + (10 - 5))
14
Evaluate (-2 - (-2 + -2) - -7) + (-40 - (-52 + 66)).
-45
Evaluate 58 + (-7 - -13 - -49 - 28).
85
(57 - -2) + (2 - (-14 + (-3 - -7) + 9))
62
What is the value of (-344 - -344) + 0 + 43?
43
What is the value of 33 - (-28 - (22 + -42))?
41
-1 + -1 + -14 + (0 + (8 - -11) - 11)
-8
85 + (6 - -10 - 23) + -6 - 4
68
-44 - (-197 - -148) - (-36 - 1)
42
Calculate -11 + (-22 - (-27 + 25) - -82).
51
Evaluate 9 + -24 - (9 + 28 + -3).
-49
What is (-11 - (46 - 74)) + -29?
-12
Calculate -26 + 0 - (16 + -33 + 34).
-43
What is 31 - 46 - (113 + -4 + (13 - 24))?
-113
-18 + 10 - (-17 + (9 - (-7 - -4)))
-3
What is (-4 + (14 - 5) - (-5 - 28)) + 13?
51
What is the value of (15 - -1) + (-33 - (31 + -3 + -48))?
3
(-2 - (17 - -37)) + (-5 - (-16 - (0 - -2)))
-43
Evaluate 26 + (13 + -37 - -54).
56
Calculate (2 - 13) + 91 + 39 + -78.
41
(-2 - (1 - -67)) + (-10 - -22) + -2 + -9
-69
Evaluate 49 - (-20 + 69 + -27).
27
47 - (18 + 30 + -23 - 28)
50
-23 - -2 - (15 + 9 + -15 - 22)
-8
(26 - 30 - -34) + -8 + -4
18
What is 444 + -477 - (-1 + -21) - (-6 + -2)?
-3
Calculate 3 + 29 + -44 + (10 - -5 - 1).
2
Evaluate 162 - (-140 + 151 + 146).
5
What is the value of 41 - 89 - -48 - (-27 - -3)?
24
Calculate (0 - -24 - 0) + 512 + -508.
28
Calculate (38 + -68 + 23 - -14) + (23 - 3).
27
What is the value of 20 - (0 + (0 - -4) - (-2121 - -2122))?
17
What is (6 - (2 + -2) - 0 - (164 + -158)) + -21?
-21
What is 108 + 4 + (-5 - -11) - 28?
90
What is the value of 20 + -63 - (-73 - (33 + -69))?
-6
What is -1 + 12 + 319 + (252 - 596)?
-14
-248 + 282 + (-16 - -2)
20
Calculate (-4 + -1 - -1) + 15 + (3 + 5 - 25).
-